{"id":37,"date":"2016-01-24T12:30:37","date_gmt":"2016-01-24T12:30:37","guid":{"rendered":"http:\/\/localhost\/ipotur\/?page_id=37"},"modified":"2016-01-24T20:07:08","modified_gmt":"2016-01-24T20:07:08","slug":"dados-geograficos","status":"publish","type":"page","link":"https:\/\/iporanga.sp.gov.br\/ipotur\/dados-geograficos\/","title":{"rendered":"Dados Geogr\u00e1ficos"},"content":{"rendered":"<p style=\"text-align: justify;\"><b>Iporanga<\/b> \u00e9 um <a title=\"Munic\u00edpios do Brasil\" href=\"https:\/\/pt.wikipedia.org\/wiki\/Munic%C3%ADpios_do_Brasil\">munic\u00edpio<\/a> do <a title=\"Unidades federativas do Brasil\" href=\"https:\/\/pt.wikipedia.org\/wiki\/Unidades_federativas_do_Brasil\">estado<\/a> de <a title=\"S\u00e3o Paulo\" href=\"https:\/\/pt.wikipedia.org\/wiki\/S%C3%A3o_Paulo\">S\u00e3o Paulo<\/a>, no <a title=\"Brasil\" href=\"https:\/\/pt.wikipedia.org\/wiki\/Brasil\">Brasil<\/a>.<\/p>\n<p style=\"text-align: justify;\">\u201cIporanga\u201d \u00e9 um voc\u00e1bulo de origem <a title=\"L\u00edngua tupi\" href=\"https:\/\/pt.wikipedia.org\/wiki\/L%C3%ADngua_tupi\">tupi<\/a> que significa \u201crio bonito\u201d, atrav\u00e9s da jun\u00e7\u00e3o dos termos <i>\u2018y<\/i> (rio) e <i>porang<\/i> (bonito)<sup id=\"cite_ref-6\" class=\"reference\"><a href=\"https:\/\/pt.wikipedia.org\/wiki\/Iporanga#cite_note-6\">[6]<\/a><\/sup> . \u00c9 uma refer\u00eancia ao Ribeir\u00e3o Iporanga, na foz do qual se localiza o munic\u00edpio.<\/p>\n<p style=\"text-align: justify;\">Situa-se no cora\u00e7\u00e3o da <a class=\"mw-redirect\" title=\"Mata atl\u00e2ntica\" href=\"https:\/\/pt.wikipedia.org\/wiki\/Mata_atl%C3%A2ntica\">mata atl\u00e2ntica<\/a>, junto \u00e0s margens do <a title=\"Rio Ribeira de Iguape\" href=\"https:\/\/pt.wikipedia.org\/wiki\/Rio_Ribeira_de_Iguape\">Rio Ribeira de Iguape<\/a> e na foz do Ribeir\u00e3o Iporanga. \u00c9 conhecida como \u201cCapital das Cavernas\u201d, devido \u00e0 grande incid\u00eancia de cavernas <a title=\"Calc\u00e1rio\" href=\"https:\/\/pt.wikipedia.org\/wiki\/Calc%C3%A1rio\">calc\u00e1rias<\/a> na \u00e1rea do munic\u00edpio. S\u00e3o cerca de 360 cavernas catalogadas, a maior concentra\u00e7\u00e3o do Brasil e, possivelmente, do mundo.<\/p>\n<p style=\"text-align: justify;\">O munic\u00edpio \u00e9 cercado por unidades de conserva\u00e7\u00e3o, dentre as quais se destaca o <a title=\"Parque Estadual Tur\u00edstico do Alto Ribeira\" href=\"https:\/\/pt.wikipedia.org\/wiki\/Parque_Estadual_Tur%C3%ADstico_do_Alto_Ribeira\">Parque Estadual Tur\u00edstico do Alto Ribeira<\/a> \u2013 <a class=\"mw-redirect\" title=\"PETAR\" href=\"https:\/\/pt.wikipedia.org\/wiki\/PETAR\">PETAR<\/a>, que com cerca de 35 712 hectares abriga o valioso patrim\u00f4nio natural, composto por s\u00edtios espeleol\u00f3gicos, paleontol\u00f3gicos, arqueol\u00f3gicos e hist\u00f3ricos al\u00e9m da grande diversidade biol\u00f3gica caracter\u00edstica da Mata Atl\u00e2ntica preservada em toda sua extens\u00e3o. Em 1999, essa regi\u00e3o foi reconhecida como <a class=\"mw-redirect\" title=\"Patrim\u00f4nio Natural da Humanidade\" href=\"https:\/\/pt.wikipedia.org\/wiki\/Patrim%C3%B4nio_Natural_da_Humanidade\">Patrim\u00f4nio Natural da Humanidade<\/a> pela <a class=\"mw-redirect\" title=\"UNESCO\" href=\"https:\/\/pt.wikipedia.org\/wiki\/UNESCO\">UNESCO<\/a>.<\/p>\n","protected":false},"excerpt":{"rendered":"<p>Iporanga \u00e9 um munic\u00edpio do estado de S\u00e3o Paulo, no Brasil. \u201cIporanga\u201d \u00e9 um voc\u00e1bulo de origem tupi que significa \u201crio bonito\u201d, atrav\u00e9s da jun\u00e7\u00e3o dos termos \u2018y (rio) e [&hellip;]<\/p>\n","protected":false},"author":1,"featured_media":0,"parent":0,"menu_order":0,"comment_status":"closed","ping_status":"closed","template":"","meta":{"footnotes":""},"class_list":["post-37","page","type-page","status-publish","hentry"],"_links":{"self":[{"href":"https:\/\/iporanga.sp.gov.br\/ipotur\/wp-json\/wp\/v2\/pages\/37","targetHints":{"allow":["GET"]}}],"collection":[{"href":"https:\/\/iporanga.sp.gov.br\/ipotur\/wp-json\/wp\/v2\/pages"}],"about":[{"href":"https:\/\/iporanga.sp.gov.br\/ipotur\/wp-json\/wp\/v2\/types\/page"}],"author":[{"embeddable":true,"href":"https:\/\/iporanga.sp.gov.br\/ipotur\/wp-json\/wp\/v2\/users\/1"}],"replies":[{"embeddable":true,"href":"https:\/\/iporanga.sp.gov.br\/ipotur\/wp-json\/wp\/v2\/comments?post=37"}],"version-history":[{"count":3,"href":"https:\/\/iporanga.sp.gov.br\/ipotur\/wp-json\/wp\/v2\/pages\/37\/revisions"}],"predecessor-version":[{"id":84,"href":"https:\/\/iporanga.sp.gov.br\/ipotur\/wp-json\/wp\/v2\/pages\/37\/revisions\/84"}],"wp:attachment":[{"href":"https:\/\/iporanga.sp.gov.br\/ipotur\/wp-json\/wp\/v2\/media?parent=37"}],"curies":[{"name":"wp","href":"https:\/\/api.w.org\/{rel}","templated":true}]}}